ided by v(13)?
0
Let r be (-2)/(-1)*(-27)/(-2). Let d = 39 - r. Calculate the remainder when 0 + -2 + (-225)/(-9) is divided by d.
11
Suppose -h = 2*o + 2*h + 4, -40 = -5*o + 5*h. Let k(v) = -v**3 + 7*v**2 - 6*v + 2. What is the remainder when o is divided by k(6)?
0
Let w(q) = -3*q + 55. What is the remainder when (7/(-2))/1*-16 is divided by w(12)?
18
Let u(k) be the first derivative of -k**3/3 - 9*k**2/2 - 10*k - 1. Suppose -14 = -b + 3*b. Calculate the remainder when 10 is divided by u(b).
2
Suppose -181 - 395 = -9*t. What is the remainder when t is divided by 19?
7
Suppose 14*t - 33*t = -323. Calculate the remainder when 65 is divided by t.
14
Suppose -6*p + 3*p = -69. Calculate the remainder when 66 is divided by p.
20
Suppose 5*d - 380 = -5*r, 328 = -0*d + 4*d - 2*r. Suppose -4*l + 252 = d. What is the remainder when l is divided by 11?
10
Let i = 4 - -1. Suppose 0 = 2*m + 5*n - 39, 10 = -2*m + i*n + 79. What is the remainder when m is divided by 10?
7
Let w = -192 + 201. Calculate the remainder when 43 is divided by w.
7
Let v(d) be the third derivative of -d**4/4 - 5*d**3/6 + 6*d**2. Calculate the remainder when v(-6) is divided by 8.
7
Let x = 40 + -7. Calculate the remainder when x is divided by 9.
6
Suppose 16 = -i - 3*i. Let v = 3 - i. What is the remainder when 11 is divided by v?
4
Let f(n) be the first derivative of 3*n**2/2 - 2*n + 1. Calculate the remainder when 36 is divided by f(5).
10
Suppose 11*z - 415 = 6*z. What is the remainder when z is divided by 17?
15
Suppose 4*p - 175 + 43 = 4*f, 4*f + 94 = 3*p. Suppose 0 = 11*i + 15 - 235. Calculate the remainder when p is divided by i.
18
Let z(o) = o**2 - 11*o + 21. What is the remainder when z(10) is divided by 6?
5
Let h(c) = c**2 - 2*c - 4. Let a = -13 - -27. Suppose -2*o + a = 2. Calculate the remainder when h(-3) is divided by o.
5
Suppose -n - 2*f = -106, -f + 286 = 3*n - 3*f. Suppose n = 4*b - 26. Calculate the remainder when b is divided by 1*10/1 + 1.
9
Let p(t) = t**3 + 2*t**2 - 2*t - 2. Let b be p(-2). Suppose 0 = -2*i - 3*c - 16 + 59, -b*c = 2. What is the remainder when 43 is divided by i?
20
Suppose -11*o + 12*o - 3 = 0. Suppose 2*p = 4 + 2. Calculate the remainder when p is divided by o.
0
Let d be (-5 - -6)/(1/31). Let k = -8 + d. What is the remainder when 67 is divided by k?
21
Suppose -5*s + 84 = 4*x + 20, -4*x - 4*s = -60. Calculate the remainder when 20 is divided by x.
9
Let b = -1 + 5. Suppose -d = b*d - 100. Calculate the remainder when d is divided by 7.
6
Let m(u) = -u**2 + u + 6. What is the remainder when 6 is divided by m(2)?
2
Suppose 0 = -a + 2*v + 1, a - v - 3 = -0. What is the remainder when 29 is divided by a?
4
Let n = 15 + -8. What is the remainder when 19 is divided by n?
5
Let p = -66 - -42. Let d be (2/(-2))/((-1)/p). Calculate the remainder when 6/d - (-89)/4 is divided by 12.
10
Suppose -4*v + 10 = -14. Suppose -3 + v = k. What is the remainder when 8 is divided by k?
2
Let q(h) = h**2 + 7*h + 8. Let p be q(-6). Suppose -2*k + 40 = -5*y, 4*k + y + p*y - 80 = 0. What is the remainder when k is divided by 7?
6
Let s(z) = 2*z**3 - 8*z**2 + 5*z - 5. What is the remainder when s(5) is divided by 18?
16
Let w(g) = 2*g**2 - 4*g - 1. What is the remainder when 28 is divided by w(4)?
13
Let s(i) = 1 + i - 3 + 3. Let p = -16 + 19. What is the remainder when 10 is divided by s(p)?
2
Let o(i) = -i**3 + i**2 - 3*i + 2. Let m be o(4). Let f = m + 92. Calculate the remainder when f is divided by 9.
7
Calculate the remainder when (11 + -13)/(2/(-43)) is divided by 0/2 - (-25 + 2).
20
Suppose 4*m - 5*c + 14 = 46, 4*m - 32 = -2*c. Let r = -67 - -109. Let v = r - m. What is the remainder when v is divided by 18?
16
Let k(g) = g**2 - 5*g + 2. Calculate the remainder when 37 is divided by k(6).
5
Let z(j) = -j. Suppose 119 = 5*m + 4. What is the remainder when m is divided by z(-6)?
5
Calculate the remainder when ((-17836)/(-8))/13 - 2/(-4) is divided by 29.
27
Let u = 14 + -16. Calculate the remainder when 26 is divided by 2 - (-10)/u*-1.
5
Suppose -2*q - 4*d = -182, 2*q - 2*d = q + 87. Let u(y) = 10*y + 3. What is the remainder when q is divided by u(2)?
20
Suppose 0 = -8*v + 433 - 129. Calculate the remainder when v is divided by 10.
8
Suppose -6*j + 32 = -46. Calculate the remainder when 23 is divided by j.
10
Let z(d) = 18*d**2 + d + 1. Suppose -3*a - a - 162 = -2*c, -5*c - 197 = 4*a. Let l = -9 - a. What is the remainder when l is divided by z(-1)?
16
Let h(l) = -l**3 + 10*l**2 - 2*l. What is the remainder when h(4) is divided by 23?
19
Let m = -9 + 65. What is the remainder when m is divided by 19?
18
Let h = -25 - -56. What is the remainder when h is divided by 17?
14
Let u(t) = -t - 5. Let v be u(-5). Suppose -a - 3*m = -0*m, v = 5*a - m. Suppose b - 2*b + 26 = a. What is the remainder when b is divided by 9?
8
Suppose -6*q + 76 = 16. Calculate the remainder when 49 is divided by q.
9
Suppose -8*q - q + 225 = 0. Suppose 7 = 3*s - 4*f, 0 = 3*s - 0*s - 5*f - 2. What is the remainder when q is divided by s?
7
Let r(b) = -b**3 + 20*b**2 - 15*b - 30. Calculate the remainder when r(19) is divided by 10.
6
Let o(w) = 12*w - 3*w**2 - 5*w + 0 + 10 + 2*w**2. What is the remainder when o(8) is divided by 2/(-6) + 8/6?
0
Let g = 39 - 10. Suppose 44*y - 326 - 26 = 0. Calculate the remainder when g is divided by y.
5
Suppose 5*o + 120 = 5*n, 0*o + 120 = 5*n - 2*o. Calculate the remainder when n is divided by 13.
11
Suppose 51 + 54 = -5*o. Let l = o - -38. What is the remainder when 31 is divided by l?
14
Let c be 3 + 90/3 + 1. What is the remainder when (c/5)/(6/30) is divided by 18?
16
Let l = 29 - -15. Suppose -6*w + 8*w = 18. What is the remainder when l is divided by w?
8
Let m be ((1 + 0)*-2)/(-1). Suppose m*j - j - 22 = 0. Calculate the remainder when j is divided by 8.
6
Let n = 4 - 0. Let g(b) = b**2 - 3*b - 1. Calculate the remainder when g(n) is divided by 2.
1
Let t = 79 - 67. What is the remainder when t is divided by 8?
4
Suppose -3*q - 5*o + 114 + 49 = 0, -q - 3*o + 61 = 0. What is the remainder when 181 is divided by q?
43
Suppose -4*j - 4 = -2*t, 4*t - 8*t + 26 = j. What is the remainder when 29 is divided by t?
5
Calculate the remainder when ((-28)/(-12) - 1)*6 is divided by 2.
0
Suppose 0 = -5*q - q + 474. Calculate the remainder when q is divided by 20.
19
Suppose 3*i = 12, 19 + 9 = 2*c - i. Suppose 5*x - 29 = -f, 0*f + 4*f = -4. Calculate the remainder when c is divided by x.
4
Calculate the remainder when (-200)/(-30)*6*2/4 is divided by 7.
6
Suppose 4 = -6*w + 3*w - 2*n, 0 = 3*w - n - 2. Suppose -p - 2*t + 0*t + 14 = w, 3*p = -5*t + 43. Calculate the remainder when 45 is divided by p.
13
What is the remainder when 966/24 - 1/4 is divided by 21?
19
Let p(h) = 4*h**2 + h - 2. Let s be p(-2). Let u = 17 - s. What is the remainder when 13 is divided by u?
3
Let k(t) = -t**3 - 14*t**2 - 14*t - 12. What is the remainder when k(-13) is divided by 1?
0
Let g(f) = 3*f**3 - f + 1. What is the remainder when g(1) is divided by 2?
1
Suppose -3*p = 4*h + 8, -2*p - 56 = 3*p - 4*h. Let a = 24 + p. Suppose j - a = -2. What is the remainder when 41 is divided by j?
13
What is the remainder when (-1)/3 - (-175)/21 is divided by 5?
3
Calculate the remainder when 57 - 2 - (-9 + 6) is divided by 10.
8
Suppose 5*a - 23 = -8. Let s(g) = g**2 - 18*g + 10. What is the remainder when s(18) is divided by a?
1
Suppose 0 = -4*h - 8*h + 396. Calculate the remainder when h is divided by 9.
6
Suppose 7*o - 6*o - 6 = 0. Let r = 5 - -11. What is the remainder when r is divided by o?
4
Suppose 4*l - 5*r - 41 = 0, -l = 3*l - 4*r - 36. Suppose -p - l*p + 155 = 0. Suppose 5*f - 4*i - 70 = i, 9 = -3*i. What is the remainder when p is divided by f?
9
Let n = -17 + 46. Calculate the remainder when n is divided by 10.
9
Let r = -15 + 39. Suppose 5*o = 5*y - 50, -5*o - 18 - r = -4*y. Let u(a) = 16*a**2 - 5*a + 4. What is the remainder when u(1) is divided by y?
7
Let c(u) = -11*u**2 - 5*u + 4. Let i(q) = 12*q**2 + 6*q - 5. Let x(a) = -4*c(a) - 3*i(a). What is the remainder when 24 is divided by x(1)?
6
Let h(m) = -m + 13. Let y be h(10). Suppose y*i - i - 119 = -5*a, -5*a = -i + 67. Calculate the remainder when i is divided by 21.
20
Suppose 4*n - 22 = -2*c - 0, -2*c = -n - 2. C